-54 = -9*h + 6*h. Let l(m) = -11*m. Let s be l(1). Let b = h + s. List the prime factors of b.
7
What are the prime factors of ((-228)/(-8))/((-15)/(-20))?
2, 19
Let c(y) = -y**2 + 8*y + 4. Let p be c(8). Suppose -p*q = 7 - 15. Suppose 0 = -z + q + 3. List the prime factors of z.
5
Let f(v) = -v**2 + 1 - 4*v**3 - v**3 - 9*v**3. Let n be f(-1). Suppose -n + 0 = -2*h. What are the prime factors of h?
7
Let z = 11 + -7. Suppose -z*b + 33 = 5. List the prime factors of b.
7
Suppose 3*p - 3*x - 12 = 0, -5*p + 30 = 2*x + 3*x. Suppose 0 = l - 1 - 3, -2*s - p*l + 22 = 0. Suppose s - 7 = -w. What are the prime factors of w?
2, 3
Let a = -206 - -458. List the prime factors of a.
2, 3, 7
Suppose -5*u = 3*y - 1 - 45, -u = -4*y. Let r = u - -19. List the prime factors of r.
3
Suppose 5*z = -4*x + 471, -3*x + 0*z - 4*z + 354 = 0. List the prime factors of x.
2, 3, 19
Let r = 41 + -5. Suppose -r = -j - 2*j. List the prime factors of j.
2, 3
Suppose -3*h = -h - 16. Let x = -19 + h. What are the prime factors of 2 - (-3)/((-3)/x)?
13
Let f be -1 - ((-4)/2 - 0). Let m be (-3 + 4)/(f/4). Suppose -o - 24 = -m*o. What are the prime factors of o?
2
Let z(t) = 11*t**2 + t + 1. Suppose u = -0 + 3. Suppose 5*y = 2*y - u. What are the prime factors of z(y)?
11
List the prime factors of (33 - 3)*(6 + -5).
2, 3, 5
Let r(w) = -w**3 - 4*w**2 + 1. Suppose -2*m - 3*m - n - 16 = 0, -2*n = -4*m - 24. Let d be r(m). What are the prime factors of 2*d/(-2) + 6?
5
What are the prime factors of -3*57/9*-1?
19
Let w = 5 + -5. Let c(r) = r**2 - r + 4. What are the prime factors of c(w)?
2
Let a be 8/(-4) - 2/1. What are the prime factors of ((-8)/10)/(a/50)?
2, 5
Suppose -3*r + 16 = r. Suppose 4*p + 26 = -2*v, 4*v + 1 + 3 = r*p. Let s(i) = i**2 - 4. What are the prime factors of s(p)?
2, 3
Let o = -42 - -85. List the prime factors of o.
43
Let b be 30/105 + 38/14. Suppose b*y + 3*x - 93 = 0, 3*x = 3*y + x - 83. What are the prime factors of y?
29
Suppose 0*r + 5*a = r - 1, -39 = r + 5*a. Let l = r - -28. What are the prime factors of 36/15*30/l?
2
Suppose 0 = 5*v - 3*x - 105, 2*v + x + 77 = 6*v. List the prime factors of v.
2, 3
Let c be (-7)/(-3) + 5/(-15). Suppose 0 - 2 = -a, 0 = -c*h - 5*a + 56. What are the prime factors of h?
23
Let s = 2 - -7. List the prime factors of 0 - (1 - (s + 2)).
2, 5
Let f(l) = l**3 - 16*l**2 + 2*l - 20. List the prime factors of f(16).
2, 3
Let i be 21 + (3 - -6)/3. Let y = -8 + i. List the prime factors of y.
2
Let z(v) = -52*v**3 + v**2 + 3*v + 5. List the prime factors of z(-2).
419
Suppose 88 = 3*m - 14. What are the prime factors of m?
2, 17
Let c = 18 + -2. Let m = 30 - c. List the prime factors of m.
2, 7
Suppose y = -2*y. Let z = -3 - -7. Let c = y + z. List the prime factors of c.
2
Suppose -4*d + 2*p + 2 = 0, 3*d + 3 = -3*p - 0. Suppose d = -4*i - 16, -8 = -4*f - 2*i - 0*i. List the prime factors of f.
2
Let d(o) = 4*o**2. Let v be d(1). Suppose -u = -v*y + 99, 40 + 12 = 2*y + 2*u. What are the prime factors of y?
5
Let w(g) = g - 3. Let b be w(6). Suppose -2*h - 15 = -x, h - 2*h = b. What are the prime factors of x?
3
Let n = 697 + -346. List the prime factors of n.
3, 13
Let p = 29 + 2. What are the prime factors of p?
31
Suppose -2*w + 4*w = 2. Let d(n) = 5*n. Let j be d(w). Suppose 4*r - 46 = -j*z, -2*r + 1 - 11 = -3*z. List the prime factors of z.
2, 3
Suppose 0 = -k + 3, 2*g + g - 15 = -2*k. Suppose g*f - 3 = 2*f. Suppose -f*q = 5*d - 26, d - 14 = -2*d - q. What are the prime factors of d?
2
Let k be (1 - 0)*(-2 + 31). Let s(f) = -f**3 + 8*f**2 + 10*f - 6. Let h be s(9). Suppose 4 = h*l - k. List the prime factors of l.
11
Suppose 2*x - 312 = p + p, -4*x - 3*p = -603. What are the prime factors of x?
3, 17
Let y be 14 - 8/(2 + -6). Let d = y - 10. What are the prime factors of d?
2, 3
Let q(b) = 4*b**2 - 2*b. List the prime factors of q(-2).
2, 5
Suppose 0 = -0*m - 3*m + 6. Suppose -3*o - 12 = 2*j, 4*j - 3*o = 8 + 4. Suppose a + m*a - 27 = j. What are the prime factors of a?
3
Suppose 6*k - 21 = 81. What are the prime factors of k?
17
Let s = -40 - -43. Let a(f) = f + 8. Let h be a(0). Let l = h + s. What are the prime factors of l?
11
Let b = -53 - -87. What are the prime factors of b?
2, 17
Let l(w) = -3*w**3 - 8*w**2 - 11*w - 3. Let j(c) = 2*c**3 + 4*c**2 + 6*c + 1. Let t(b) = -5*j(b) - 3*l(b). What are the prime factors of t(4)?
2
Let f(m) = 42*m**2 + 2*m + 1. Let z be f(-1). Suppose -3*n = 2*t - z, -33 = -4*n - 13. What are the prime factors of t?
13
Suppose 3*t = 4*t - 12. Suppose -5*a + 50 = 5*s, -2*a + t = -a + 3*s. What are the prime factors of a?
3
Suppose -19*w = -21*w + 314. List the prime factors of w.
157
Let j(o) = o - 1. Let h(b) = -29*b. Let i(t) = -h(t) + 2*j(t). What are the prime factors of i(1)?
29
Suppose 5*m + 11 - 47 = l, -l + 3*m - 40 = 0. Let z = l - -99. What are the prime factors of z?
53
What are the prime factors of 0 + (-10)/15*-114?
2, 19
Let y(q) = -q**3 + 4*q**2 + 3*q - 6. Let j be y(5). What are the prime factors of (-5)/2*j/20?
2
Let w(v) = -v**3 + 8*v**2 - 7*v. Let u be w(5). Let y = u - 29. List the prime factors of y.
11
List the prime factors of (-1310)/(-7) - 0 - 20/140.
11, 17
Let c(b) = b**2 - 7*b + 7. Let l be c(5). Let u = l - -18. List the prime factors of u.
3, 5
Suppose 0 = -2*m - k - 4, 5*k + 14 = 4*m - 6. Suppose -1 = -3*b + 14, -5*p + 5*b - 40 = m. Let y = 7 - p. List the prime factors of y.
2, 5
Suppose -5*w + 2*w + 45 = 0. Let v be 10/w*(-51)/(-2). Suppose 2 = -h + v. List the prime factors of h.
3, 5
Let h = 11 + -3. Suppose -4*q - 4*x = h, -11 = -q + 4*x + 12. Suppose c - 4 = f - q*f, 2*f - 4*c - 24 = 0. List the prime factors of f.
2
Suppose 751 = 2*i + 287. List the prime factors of i.
2, 29
Let z(v) = 8*v**2 + v. Suppose 3*k + 4 = -2*x - 1, 2*x - 3 = 5*k. Let o be 12/(-16) - x/(-4). List the prime factors of z(o).
7
Let p(d) = 4*d - 6. Let k be p(4). Suppose 0 = 9*j - 8*j - 3. Suppose j*w - k = 14. List the prime factors of w.
2
Suppose -67 = -2*o + o. Let g = o - 46. List the prime factors of g.
3, 7
List the prime factors of (9 - -4) + (-16)/(-4).
17
Let a = 4 + 10. Suppose -3*h = -10 - a. What are the prime factors of h?
2
Suppose 0 = -2*h + 6*h + 112. Let c = -20 - h. What are the prime factors of c?
2
Let q(n) = 10*n**3 + n**2 + n - 1. Let g(j) = 2*j - 3. Let a = 2 + 0. Let r be g(a). List the prime factors of q(r).
11
Suppose -4*z + 4*d = -32, -3*z + 7*d + 34 = 2*d. Suppose z*l - 144 = -l. What are the prime factors of l?
2, 3
Let o(s) = s**3 + 3*s**2 - 6*s - 1. Let t be o(-5). Let n be (7/(-2))/((-4)/80). List the prime factors of ((-12)/10)/(t/n).
2
Suppose -q + 5 = -6. Let d = 8 - q. Let h = d + 16. What are the prime factors of h?
13
Suppose 6*g - 390 = g. List the prime factors of g.
2, 3, 13
Let z(h) = -h**3 + 7*h**2 - 3*h - 4. List the prime factors of z(6).
2, 7
Let r be (94/3)/(2/(-3)). Let s = r + -4. Let g = -34 - s. List the prime factors of g.
17
Suppose -5*r - 5*k = -2*r - 65, -2*k + 71 = 3*r. What are the prime factors of r?
5
Suppose 4*d = 1402 - 186. List the prime factors of d.
2, 19
Let u(a) = a**2 + a - 20. What are the prime factors of u(13)?
2, 3
Let k be 139/(-4) - 3/(-4). Let r = -18 - k. What are the prime factors of r?
2
Let z = -43 + 28. Let w = 5 - z. Suppose 4*i + 31 - 1 = 2*g, 2*i = -4*g + w. List the prime factors of g.
7
Let o(g) = -g**2 + 7*g - 6. Let d be o(6). Suppose 5*l + 3*q - 83 = d, 1 = q + 5. What are the prime factors of l?
19
Suppose 4*o = 2*h + 204 - 8, -3*o = 5*h - 121. List the prime factors of o.
47
Suppose 0 = 2*k - 4*b - 20, -2*b - 3*b - 15 = 0. Suppose k*n - 104 = -2*s, 1 + 11 = -3*s. What are the prime factors of n?
2, 7
Suppose -h - 1 = -4*j, 3*h + 3 = j - 6*j. Suppose j = 8*v - 4*v - 64. Let i = 26 - v. List the prime factors of i.
2, 5
Suppose 4*w = 7 + 17. Suppose 3*i + 78 = w*i. What are the prime factors of i?
2, 13
Let t(a) = a**3 + 7*a**2 + 4*a + 3. Let f be t(-6). Let z = -35 + f. List the prime factors of z/6*(-36)/10.
2, 3
Let c(a) = -19*a - 2. Let u be c(-2). Suppose 0*z + u = -3*z. List the prime factors of 3/(2/(z/(-9))).
2
Let s(i) = -i**3 + 3*i**2 + 4*i + 3. Let h be s(4). Suppose 0 = v - 0*v - h. Suppose 3*x - 4*x = o - 12, 2*o - 34 = -v*x. What are the prime factors of x?
2, 5
Let b(j) = -5*j**3 - 9*